44). What is the greatest common divisor of n and 4329?
9
Let j = -153 - 50. Let c = j - -278. Calculate the highest common divisor of 135 and c.
15
Suppose -4*f - 3*b - 358 = -2286, f = -2*b + 477. Suppose -8*t - f = -5*q - 10*t, -2*t = -3*q + 307. What is the greatest common divisor of q and 9?
9
Suppose -5*s = 25*s - 720. Calculate the greatest common factor of 11028 and s.
12
Let f be (7/((-42)/(-12)))/((-2)/(-125)). Let j = 129 - f. Let m be ((-24)/j + 4)*(-5 - 0). Calculate the greatest common factor of m and 35.
5
Let y be (85 - 6)/(1/3). Let b = y - 112. What is the highest common divisor of b and 50?
25
Let k be (2 + -6)/(-4)*2. Suppose -n + 31 = -3*f, k*n + 6 = -5*f + 101. Let a be n/6*(6 + -3). Calculate the highest common divisor of a and 20.
20
Suppose 3*b - b = -10. Let h(d) = 71*d + 36. Let u(x) = 47*x + 25. Let n(m) = -5*h(m) + 7*u(m). Let a be n(b). What is the highest common divisor of a and 50?
25
Suppose 30358 - 2238 = 38*c. Calculate the highest common divisor of c and 80.
20
Let x(f) = -f**3 + 14*f**2 + 5*f + 23. Let d be x(14). What is the greatest common factor of d and 1829?
31
Suppose -81*b + b = 1021 - 6141. Calculate the highest common divisor of 164 and b.
4
Suppose -613*i - 7210 = -615*i - 9*h, -5*h = 4*i - 14498. What is the highest common divisor of 32 and i?
16
Let v be 1 - (13/((-260)/(-16)))/(2/(-25)). What is the greatest common factor of 7051 and v?
11
Let x be 6 - (-1 + 0 - (14 - -11)). Calculate the highest common divisor of 9456 and x.
16
Let y(k) = -9*k**2 - 159*k + 398. Let v be y(-19). What is the highest common factor of 2584 and v?
34
Suppose 4*d = -4*o + 8, -3*d + 11 = 5*o - 9. Let f be 284 - (21/o)/(6/(-8)). What is the highest common divisor of 6 and f?
6
Suppose 0 = 212*k - 216*k + 32. Suppose k*t + 15*t = 184. What is the greatest common divisor of t and 14?
2
Suppose 3*m = b - 16359, m - 402 = b - 16767. Calculate the greatest common factor of 33 and b.
33
Let m = -4071 - -4176. Calculate the greatest common divisor of m and 259.
7
Suppose -503 = -5*u + s, -218 = -2*u - 1306*s + 1304*s. Calculate the greatest common divisor of 246 and u.
6
Suppose -11*y - 952 = -16*y - 12*y. What is the highest common divisor of 161 and y?
7
Suppose f + x - 27 = 0, -3*f - 63 = -3*x - 186. What is the highest common factor of 96 and f?
2
Let f be 5625/450 + 9/2. Let b be -17*2*3/(-2). What is the greatest common factor of f and b?
17
Let p = -23 + 39. Let n = 87547 + -87179. What is the greatest common divisor of p and n?
16
Suppose -5*n + 7*n = -6356. Let j be n/(-35) - (-3)/(1 - -14). Calculate the highest common divisor of 13 and j.
13
Let x = 4632 - 1028. What is the greatest common divisor of 68 and x?
68
Suppose 0 = 5*x - 137 - 228. What is the greatest common factor of x and 803?
73
Let k = 2914 - 2760. What is the highest common divisor of k and 49?
7
Let i be (-34)/119 - 1/(21/(-153)). Suppose -a - l + 102 = 0, 8*a + 5*l - 94 = i*a. Calculate the highest common divisor of a and 52.
52
Suppose 16*u = -751 + 927. Calculate the highest common factor of u and 43087.
11
Suppose 2*v - 4000 = -2*h, 5*h - 7*h - 6000 = -3*v. Suppose 515*c + v = 520*c. Calculate the greatest common factor of 8 and c.
8
Suppose -5*g = -n - 45, 2*g - 4*g = n - 18. Let t = g - 9. Let r be t + 44 + (40/5 - 7). What is the greatest common factor of r and 10?
5
Suppose 80*j = 83*j - 1392 - 2127. Calculate the greatest common factor of j and 483.
69
Let t be 590 + (-9 - -20) + 4. What is the greatest common divisor of 968 and t?
121
Let k = 8900 - 7098. Calculate the greatest common factor of 265 and k.
53
Suppose -77*z + 34*z + 2506 + 1192 = 0. Calculate the highest common divisor of 30358 and z.
86
Let m be 2/(-1) + 3 - -2. Suppose 0 = m*w + 15, -5*h + 101 = -w - 34. Let d = 3813 + -3631. What is the greatest common divisor of h and d?
26
Let m = -6236 + 6662. What is the greatest common factor of m and 2272?
142
Suppose 20 = o - 17. Let u be ((-1)/(-6) - (-80)/(-192))*-8. Let a be (-2)/(-4) + 295/u. Calculate the greatest common factor of o and a.
37
Let l be 1 + 39/(8*(-9)/(-24)). What is the greatest common divisor of l and 1477?
7
Suppose 2*x = 8 - 2. Suppose 15*k - 20*k = x*b - 271, 3*k - 153 = -5*b. Calculate the highest common divisor of 378 and k.
14
Let z be ((-2139)/92)/(6/(-72)). What is the highest common factor of z and 3813?
93
Suppose 376*s - 7194 = 4362 + 3108. Calculate the greatest common factor of s and 21.
3
Suppose -k = 3*p - 1060 + 864, 2*p - 130 = -k. What is the highest common factor of 360 and p?
6
Let u(h) = h**2 + 4*h + 13. Let y be u(-6). Suppose -4*s + 1705 = -w - 2394, s - 3*w = 1022. What is the greatest common divisor of y and s?
25
Suppose -r + 11*f - 14*f + 5886 = 0, 4*r - 2*f - 23502 = 0. What is the highest common divisor of 18 and r?
9
Suppose -6*h - u - 8 + 224 = 0, 0 = -5*h + 2*u + 180. Calculate the highest common divisor of 1116 and h.
36
Let d = -4425 - -5275. Calculate the highest common factor of 136 and d.
34
Let r = 437 - 454. Suppose d + 32 = -2*c, 3*c + 68 + 1 = -2*d. Let b = r - d. Calculate the highest common divisor of 100 and b.
25
Suppose -10 = -z - z. Suppose 2*s + 2*q = 58, z*s - 113 = 4*q + 59. Let n(c) = 90*c - 730. Let k be n(9). What is the greatest common factor of s and k?
16
Let z = -1692 - -1746. What is the highest common factor of 117 and z?
9
Suppose -3*i = -5*w - 0*i - 10, 4*w + 8 = 3*i. Let t be (w + 3 - -4)*-5. Let d = -22 - t. Calculate the highest common divisor of d and 9.
3
Let h(j) = -j**3 - 10*j**2 + 85. Let o be h(0). What is the highest common factor of o and 10217?
17
Suppose -8*c + 5*w = -5*c - 11, -4*c - 2*w + 6 = 0. Suppose 2*p = c*l - 214, 358 + 49 = 4*l + 3*p. What is the greatest common factor of 260 and l?
52
Let f(z) = -z**2 - 28*z + 84. Let q be f(-30). Suppose -3*o + 345 = -3*p, 0*p + 235 = 2*o - p. Calculate the highest common divisor of o and q.
24
Let a be -3 - -1 - (-7 + 0/2). Let m(v) = 8*v + 4. Let z be m(-8). Let y = -25 - z. Calculate the highest common divisor of a and y.
5
Suppose -25*y + 159 + 1491 = 0. Calculate the highest common divisor of y and 1554.
6
Suppose 2*o = -4*d + 6*o - 12, 5*o - 29 = -2*d. Let b be (24 - 19) + (1 - d). Calculate the greatest common factor of b and 4.
4
Let u(x) = 7*x**2 + 7*x + 3. Let s be 6 + -2 - 1 - 5. Let a be u(s). What is the greatest common divisor of 119 and a?
17
Let o(h) = 6*h**2 + h + 22 - 22. Let u be o(-2). Suppose u + 86 = 2*y. Calculate the greatest common factor of y and 6.
6
Suppose 0 = 7*c - i - 790, 72*i - 69*i = 4*c - 466. What is the greatest common divisor of 679 and c?
7
Suppose i = 5*i - 572. Let r = -5092 + 4965. Let o = r + i. What is the highest common factor of o and 256?
16
Suppose -5*y - 12769 + 42199 = 0. Calculate the highest common factor of y and 54.
54
Suppose 3*d = -c - 37, 13*d - 9*d + 5*c + 53 = 0. Let p be (-5)/6*-40 - (-4)/d. Calculate the greatest common divisor of p and 77.
11
Let m = -5373 - -5733. Calculate the highest common factor of 315 and m.
45
Suppose n - 4*s - 8177 = 5463, -4*n + 54582 = -5*s. What is the greatest common factor of n and 16?
16
Let g = -9529 - -10516. What is the greatest common divisor of g and 1269?
141
Suppose -17*r - 10*r + 2268 = -0*r. What is the greatest common divisor of 1944 and r?
12
Let w(m) = 9*m**2 + m - 2. Let f be w(1). Suppose -352 = -5*d + 2*y, 296 = 4*d - y + 3*y. Suppose d = -2*l + 3*l. What is the highest common factor of f and l?
8
Let l(x) = -x**2 + 7*x + 2. Let u be l(8). Let p be -3 - -52 - u*1/2. Suppose 0 = 5*a - a - p. Calculate the highest common factor of 78 and a.
13
Suppose 5*i = 2*i + 4*r + 7, 4*i - 3*r = 14. Let q = i - 4. Let l be 3 + (-4 - -11) + (1 - q). Calculate the highest common divisor of l and 110.
10
Suppose -2*p + 56 = -6*p. Let d be 2/p - (-2916)/28. Let h(g) = -g**3 - 8*g**2 - 14*g + 1. Let r be h(-6). What is the highest common divisor of r and d?
13
Let x = 5 - -143. Let a be (37/(-5))/(338/(-65) + 5). What is the greatest common factor of x and a?
37
Let r(t) = -2*t**3 + 28*t**2 + 3*t - 25. Let u be r(14). Suppose -u*d + 308 = -10*d. What is the highest common divisor of 44 and d?
44
Let h be -3*(0 - 89)*12. Calculate the highest common factor of 24 and h.
12
Let u(q) = 2*q**3 - q**2 + 1